{"id":1216,"date":"2022-07-07T16:59:38","date_gmt":"2022-07-07T16:59:38","guid":{"rendered":"https:\/\/casamontoyamerida.com\/tienda\/?post_type=product&#038;p=1216"},"modified":"2022-07-07T17:00:27","modified_gmt":"2022-07-07T17:00:27","slug":"motobomba-centrifuga-monofasica-1-2-hp-127-v-110-l-min-1-25-pulgadas","status":"publish","type":"product","link":"https:\/\/casamontoyamerida.com\/tienda\/index.php\/product\/motobomba-centrifuga-monofasica-1-2-hp-127-v-110-l-min-1-25-pulgadas\/","title":{"rendered":"MOTOBOMBA CENTR\u00cdFUGA MONOF\u00c1SICA 1\/2 HP 127 V 110 L\/MIN 1.25 PULGADAS"},"content":{"rendered":"<p>Motobomba centr\u00edfuga monof\u00e1sica 1\/2 hp 127 v 110 L\/min maneja 2 di\u00e1metros succi\u00f3n a 1.25 pulgadas y descarga a 1 pulgada, es muy \u00fatil para el bombeo de agua limpia en instalaciones hidr\u00e1ulicas de corte residencial.<\/p>\n","protected":false},"excerpt":{"rendered":"<p>Motobomba centr\u00edfuga monof\u00e1sica 1\/2 hp 127 v 110 L\/min maneja 2 di\u00e1metros succi\u00f3n a 1.25 pulgadas y descarga a 1 pulgada, es muy \u00fatil para el bombeo de agua limpia en instalaciones hidr\u00e1ulicas de corte resid<\/p>\n","protected":false},"featured_media":1269,"template":"","meta":{"om_disable_all_campaigns":false,"_monsterinsights_skip_tracking":false,"_monsterinsights_sitenote_active":false,"_monsterinsights_sitenote_note":"","_monsterinsights_sitenote_category":0},"product_cat":[57],"product_tag":[],"aioseo_notices":[],"_links":{"self":[{"href":"https:\/\/casamontoyamerida.com\/tienda\/index.php\/wp-json\/wp\/v2\/product\/1216"}],"collection":[{"href":"https:\/\/casamontoyamerida.com\/tienda\/index.php\/wp-json\/wp\/v2\/product"}],"about":[{"href":"https:\/\/casamontoyamerida.com\/tienda\/index.php\/wp-json\/wp\/v2\/types\/product"}],"version-history":[{"count":0,"href":"https:\/\/casamontoyamerida.com\/tienda\/index.php\/wp-json\/wp\/v2\/product\/1216\/revisions"}],"wp:featuredmedia":[{"embeddable":true,"href":"https:\/\/casamontoyamerida.com\/tienda\/index.php\/wp-json\/wp\/v2\/media\/1269"}],"wp:attachment":[{"href":"https:\/\/casamontoyamerida.com\/tienda\/index.php\/wp-json\/wp\/v2\/media?parent=1216"}],"wp:term":[{"taxonomy":"product_cat","embeddable":true,"href":"https:\/\/casamontoyamerida.com\/tienda\/index.php\/wp-json\/wp\/v2\/product_cat?post=1216"},{"taxonomy":"product_tag","embeddable":true,"href":"https:\/\/casamontoyamerida.com\/tienda\/index.php\/wp-json\/wp\/v2\/product_tag?post=1216"}],"curies":[{"name":"wp","href":"https:\/\/api.w.org\/{rel}","templated":true}]}}