{"id":1242,"date":"2022-07-07T17:00:08","date_gmt":"2022-07-07T17:00:08","guid":{"rendered":"https:\/\/casamontoyamerida.com\/tienda\/?post_type=product&#038;p=1242"},"modified":"2022-07-07T17:00:31","modified_gmt":"2022-07-07T17:00:31","slug":"disa-home-parrilla-electrica-doble-con-termostato-parrel-2tr-rojo","status":"publish","type":"product","link":"https:\/\/casamontoyamerida.com\/tienda\/index.php\/product\/disa-home-parrilla-electrica-doble-con-termostato-parrel-2tr-rojo\/","title":{"rendered":"Disa Home Parrilla El\u00e9ctrica Doble Con Termostato PARREL-2TR &#8211; Rojo"},"content":{"rendered":"<h1 class=\"page-title\">Disa Home Parrilla El\u00e9ctrica Doble Con Termostato PARREL-2TR &#8211; Rojo<\/h1>\n","protected":false},"excerpt":{"rendered":"<p>Prepara tus alimentos f\u00e1cilmente con la Parrilla El\u00e9ctrica de 2 Quemadores Disa Home. Es muy pr\u00e1ctica, ligera y sencilla de usar.<br \/>\nCon ella podr\u00e1s calentar de forma r\u00e1pida tus platillos sin necesidad de utilizar gas. Cuenta con termostato que regula la temperatura y est\u00e1 hecha de un material antiadherente que evita el sobrecalentamiento.<br \/>\nConoce la l\u00ednea completa de Disa.<br \/>\nProductos que mejoran tu hogar y tu vida.<\/p>\n","protected":false},"featured_media":1276,"template":"","meta":{"om_disable_all_campaigns":false,"_monsterinsights_skip_tracking":false,"_monsterinsights_sitenote_active":false,"_monsterinsights_sitenote_note":"","_monsterinsights_sitenote_category":0},"product_cat":[57],"product_tag":[],"aioseo_notices":[],"_links":{"self":[{"href":"https:\/\/casamontoyamerida.com\/tienda\/index.php\/wp-json\/wp\/v2\/product\/1242"}],"collection":[{"href":"https:\/\/casamontoyamerida.com\/tienda\/index.php\/wp-json\/wp\/v2\/product"}],"about":[{"href":"https:\/\/casamontoyamerida.com\/tienda\/index.php\/wp-json\/wp\/v2\/types\/product"}],"version-history":[{"count":0,"href":"https:\/\/casamontoyamerida.com\/tienda\/index.php\/wp-json\/wp\/v2\/product\/1242\/revisions"}],"wp:featuredmedia":[{"embeddable":true,"href":"https:\/\/casamontoyamerida.com\/tienda\/index.php\/wp-json\/wp\/v2\/media\/1276"}],"wp:attachment":[{"href":"https:\/\/casamontoyamerida.com\/tienda\/index.php\/wp-json\/wp\/v2\/media?parent=1242"}],"wp:term":[{"taxonomy":"product_cat","embeddable":true,"href":"https:\/\/casamontoyamerida.com\/tienda\/index.php\/wp-json\/wp\/v2\/product_cat?post=1242"},{"taxonomy":"product_tag","embeddable":true,"href":"https:\/\/casamontoyamerida.com\/tienda\/index.php\/wp-json\/wp\/v2\/product_tag?post=1242"}],"curies":[{"name":"wp","href":"https:\/\/api.w.org\/{rel}","templated":true}]}}